alse
Is 60215 prime?
False
Is 753989 prime?
False
Is 12293239 a composite number?
True
Is 4604629 a composite number?
True
Is 1978021 prime?
True
Is 49288133 composite?
False
Is 1038889 a composite number?
True
Is 14187659 a composite number?
False
Is 11490109 composite?
True
Is 12072149 composite?
True
Is 1991897 a prime number?
False
Is 1558951 prime?
False
Is 1944919597 a prime number?
False
Is 132397589 a prime number?
False
Is 954003 a prime number?
False
Is 3864233 prime?
True
Is 28148242 a composite number?
True
Is 38118019 composite?
True
Is 13334657 a composite number?
True
Is 7086301 a composite number?
True
Is 4304483 a composite number?
True
Is 9131747 composite?
False
Is 7357747 a prime number?
True
Is 3950377 a prime number?
False
Is 2833001 a composite number?
False
Is 2341567 a composite number?
False
Is 6239327 prime?
True
Is 31607227 a prime number?
True
Is 213252797 prime?
True
Is 2189147 a composite number?
False
Is 918193 a prime number?
True
Is 15635185 prime?
False
Is 19981333 a composite number?
False
Is 23499943 a composite number?
False
Is 76531867 a composite number?
True
Is 382579 a prime number?
True
Is 11661445 a prime number?
False
Is 2118959 a prime number?
True
Is 7189393 prime?
False
Is 4336019 prime?
True
Is 191525081 prime?
False
Is 9106211 composite?
False
Is 5723779 a prime number?
True
Is 857795 a composite number?
True
Is 165200639 a prime number?
True
Is 5208263 prime?
True
Is 240874379 a prime number?
True
Is 25903861 a prime number?
True
Is 4417862 a composite number?
True
Is 190048421 composite?
True
Is 13204927 prime?
False
Is 28803767 a prime number?
True
Is 3377431 a composite number?
False
Is 723782953 a prime number?
False
Is 93339193 prime?
True
Is 324977 prime?
True
Is 64294199 a prime number?
False
Is 1733761 a composite number?
True
Is 3026971 a composite number?
False
Is 2722537 a composite number?
True
Is 16940159 a composite number?
False
Is 2294657 composite?
True
Is 2815889 composite?
False
Is 49546111 a prime number?
True
Is 12654539 prime?
True
Is 9163243 a prime number?
True
Is 85697783 a composite number?
False
Is 3038873 a prime number?
True
Is 4018513 composite?
True
Is 207013 prime?
True
Is 22288681 prime?
True
Is 51541441 composite?
True
Is 36049627 a prime number?
False
Is 33504883 prime?
False
Is 4951615 composite?
True
Is 1553987 a prime number?
False
Is 4167043 a prime number?
True
Is 1739553 a composite number?
True
Is 3901259 composite?
False
Is 1060358057 composite?
True
Is 3025409 prime?
True
Is 523428413 a composite number?
False
Is 829601 a composite number?
False
Is 10451599 prime?
True
Is 5594153 composite?
False
Is 9695633 a prime number?
True
Is 76797827 composite?
False
Is 8927705 a composite number?
True
Is 16129357 a prime number?
False
Is 125480393 a composite number?
False
Is 30688991 a composite number?
True
Is 49386679 a prime number?
False
Is 5890649 a composite number?
True
Is 145528307 a composite number?
False
Is 474533 a composite number?
False
Is 36778619 a composite number?
False
Is 62681 a prime number?
False
Is 1158523 a prime number?
True
Is 2125151 a composite number?
True
Is 271807 composite?
False
Is 2713703 a composite number?
False
Is 10679303 composite?
True
Is 2790617 a prime number?
False
Is 4729427 prime?
True
Is 2143541 composite?
False
Is 84245771 a prime number?
True
Is 6488921 a composite number?
True
Is 3691141 prime?
False
Is 1504381 composite?
True
Is 520806421 prime?
True
Is 2789747 composite?
False
Is 3450329 a composite number?
False
Is 6802079 prime?
False
Is 104438051 prime?
True
Is 19976497 composite?
False
Is 79002067 a prime number?
False
Is 79606253 a prime number?
True
Is 188421839 a prime number?
True
Is 80049353 a prime number?
True
Is 1568377 a composite number?
False
Is 589993 composite?
False
Is 60074239 composite?
False
Is 931321 composite?
True
Is 14418878 prime?
False
Is 12148327 a prime number?
True
Is 5115133 composite?
False
Is 408640945 composite?
True
Is 17495483 a composite number?
True
Is 7435807 composite?
False
Is 26622209 a composite number?
False
Is 117421891 prime?
True
Is 510509551 composite?
False
Is 2582339 prime?
False
Is 3244583 composite?
True
Is 12315037 prime?
False
Is 9486289 prime?
False
Is 945271 prime?
False
Is 274357859 a prime number?
True
Is 3233509 prime?
True
Is 1073183 composite?
False
Is 3852391 composite?
False
Is 61901023 composite?
False
Is 50477149 a prime number?
True
Is 30305939 a composite number?
True
Is 3256187 composite?
True
Is 29050067 composite?
False
Is 209439851 prime?
True
Is 1255357 a composite number?
False
Is 11116723 prime?
False
Is 67993667 a prime number?
False
Is 77202119 composite?
True
Is 158101961 a prime number?
False
Is 1743139 composite?
True
Is 12797417 a composite number?
False
Is 332293 a prime number?
False
Is 1537763 a prime number?
False
Is 504236741 a composite number?
False
Is 82130506 a composite number?
True
Is 8839223 composite?
True
Is 19688657 composite?
True
Is 455777 a composite number?
True
Is 34435939 a prime number?
True
Is 30502973 prime?
True
Is 84029941 prime?
True
Is 4614671 a composite number?
False
Is 78949183 composite?
False
Is 425977 a composite number?
False
Is 10448951 a composite number?
False
Is 33489073 a composite number?
False
Is 67207174 a composite number?
True
Is 151991141 prime?
False
Is 16656461 composite?
True
Is 466303 composite?
False
Is 1689451 a prime number?
True
Is 929549 a prime number?
True
Is 2543479 a composite number?
False
Is 5725043 a prime number?
False
Is 28031287 composite?
True
Is 731531 prime?
True
Is 5761219 prime?
True
Is 632821157 a prime number?
True
Is 696403 a prime number?
True
Is 1497103 prime?
True
Is 192937 composite?
True
Is 8311981 a prime number?
True
Is 20922323 prime?
True
Is 263126401 prime?
False
Is 72893459 a composite number?
False
Is 204957509 composite?
False
Is 40908929 prime?
True
Is 3933731 a composite number?
False
Is 246049 composite?
False
Is 37038851 a prime number?
True
Is 279734989 composite?
True
Is 84746399 a prime number?
False
Is 94784831 a prime number?
True
Is 4471823 composite?
True
Is 1094699 a prime number?
False
Is 71999 prime?
True
Is 106237717 prime?
True
Is 258277 composite?
False
Is 65909143 composite?
False
Is 1169149 prime?
True
Is 16386731 a composite number?
False
Is 276605909 composite?
True
Is 5969567 prime?
False
Is 365231 a composite number?
False
Is 142383331 prime?
True
Is 4156277 a composite number?
False
Is 2039333 a composite number?
True
Is 23993063 a composite number?
True
Is 50483443 prime?
False
Is 16670987 a composite number?
False
Is 54046631 composite?
False
Is 10366439 prime?
True
Is 63350249 prime?
True
Is 4276963 composite?
False
Is 1701152683 a prime number?
False
Is 69785249 composite?
False
Is 313040797 a prime number?
True
Is 631039 a prime number?
True
Is 74694559 a composite number?
True
Is 988781 composite?
True
Is 54254023 a composite number?
False
Is 124326691 composite?
True
Is 4570367 composite?
False
Is 3709403 prime?
True
Is 1508153 composite?
True
Is 11605613 a composite number?
True
Is 224114767 prime?
True
Is 199687841 prime?
False
Is 114081971 a prime number?
True
Is 23613911 prime?
True
Is 6448367 a composite number?
True
Is 18727 composite?
True
Is 21563519 composite?
False
Is 2636963 prime?
False
Is 80971199 a composite number?
False
Is 363899 composite?
True
Is 572243 a prime number?
False
Is 122261099 a prime number?
True
Is 3379934 prime?
False
Is 38859203 a composite number?
True
Is 286103 a prime number?
True
Is 3550931 prime?
True
Is 4887361 a composite number?
True
Is 243293849 a composite number?
False
Is 36111811 a composite number?
False
Is 2402479 prime?
True
Is 2058131 composite?
False
Is 13671011 composite?
False
Is 1788211 a composite number?
False
Is 1814669 prime?
True
Is 15075553 a prime number?
True
Is 4473979 prime?
False
Is 194890133 prime?
False
Is 22395127 a composite number?
False
Is 2146723 prime?
True
Is 22060393 composite?
False
Is 1565161 a composite number?
True
Is 11533079 a composite number?
False
Is 6261401 a composite number?
False
Is 157292803 composite?
True
Is 3963163 a composite number?
True
Is 9987017 a prime number?
False
Is 388868191 prime?
True
Is 5695439 composite?
Fal